 and 17?
17
Suppose -2*q = 3*z - 17, 1 = z - 2*q - 2*q. Let m be (-1924)/(-10) + (-2)/z. Calculate the highest common factor of 48 and m.
48
Let t = 248 + -247. Let m be (-8)/10*t + 36288/360. Calculate the greatest common factor of 80 and m.
20
Let b = -94 - -156. Suppose -31*m + m - 9*m + 19344 = 0. Calculate the greatest common divisor of b and m.
62
Let q = 5703 - 5682. Calculate the highest common divisor of q and 186.
3
Suppose -32*f + 1035 = -2037. Let b = 16 - 0. Calculate the highest common divisor of b and f.
16
Let h = 298 + -278. Let z = 135 - h. Calculate the greatest common factor of z and 69.
23
Let s(n) = 75*n - 76*n - n**2 - 9 + 33. Let x be 0*(9/(-6) + 2). Let f be s(x). What is the greatest common factor of f and 6?
6
Let w = 293 - 307. Let u(d) = -34*d - 284. Let k be u(w). Calculate the highest common divisor of 80 and k.
16
Suppose 83*q = 70*q + 23660. Calculate the greatest common factor of 448 and q.
28
Let h(v) = v**2 + 12. Let w be h(0). Let o be (-340)/425 + 4/5. Let c be (8 - o) + (52 - 57). What is the highest common factor of w and c?
3
Suppose 0 = -3*c - 2*o + 1593, -2*c = -27*o + 26*o - 1062. What is the greatest common factor of 45 and c?
9
Suppose 0 = 38*m - 5179 - 26475. What is the greatest common factor of m and 1904?
119
Suppose 92*o = -61*o + 41877 + 23454. Calculate the greatest common factor of 91 and o.
7
Let t be (-33)/1254*-19 - (-30)/4. Calculate the greatest common divisor of 40 and t.
8
Let o be 4/(-28) - (-86)/14. Suppose -12 = -0*z + o*z. Let c be (z - -3 - 3) + 263. What is the greatest common divisor of c and 29?
29
Let o = -1 - -8. Let j(w) be the second derivative of -w**5/20 - w**3/6 - 3*w**2/2 + 2*w. Let c be j(-2). Calculate the greatest common factor of o and c.
7
Let a(l) = -2*l**3 - 3*l**2 + 2*l - 7. Suppose -3*o = -g + 5, 0*g + 2*g - 1 = 3*o. Let i be a(o). What is the greatest common factor of i and 126?
14
Let g(u) = u**3 + 4*u**2 - 10*u - 10. Let m be g(-5). Suppose 5*y - 2*y - m = 0. Suppose y*x = 20*x - 240. What is the greatest common factor of x and 144?
16
Let m = 78 - 49. Let g(l) = l**3 + 4*l**2 - 5*l + 2. Let t be g(-5). Let q be (t + 1 + -4)*-145. What is the highest common divisor of q and m?
29
Suppose -285468 = -4*j - 285208. Calculate the highest common factor of j and 1385.
5
Suppose -4063*r + 100 = -4053*r. Suppose -v + 16 = -3*i, 2*v - 24 = -2*v + 2*i. Suppose 0 = v*h + 12 - 28. Calculate the greatest common divisor of r and h.
2
Let z be (-2)/3 + (-105)/(-9). Let v(x) = 17*x + 24. Let p be v(-12). Let r = p - -279. Calculate the greatest common factor of z and r.
11
Let n = -31 + 42. Let s(w) = -18*w - 562. Let z be s(-41). What is the highest common factor of n and z?
11
Let z be (-5 - 1)/((-51)/9928). What is the greatest common divisor of z and 16?
16
Let o(l) = -l**2 - 20*l + 203. Let t be o(7). Let a(f) = 4*f - 3. Let j be a(t). Calculate the greatest common factor of j and 424.
53
Suppose 8*p - 13*p + 28840 = 5*l, 3*l - 2*p - 17279 = 0. What is the highest common divisor of l and 51?
51
Suppose 0 = 5*j - 4*h - 51, 0 = 5*h - 16 + 36. Calculate the highest common divisor of j and 45.
1
Let w(s) be the second derivative of s**5/20 - 7*s**4/12 + 17*s**3/6 - s**2 - 54*s. Let f be w(8). What is the highest common divisor of 18 and f?
18
Let g be (4/1)/(1/5). Let f be ((-1950)/(-1) - 2)/4. Let j = f + -417. Calculate the greatest common factor of g and j.
10
Suppose -196518*h + 196489*h = -15660. What is the greatest common factor of h and 120?
60
Let q be (((-33)/(-2))/(-33))/(1/(-924)). What is the greatest common factor of q and 165?
33
Suppose h = -3*z + 94, 11*h - 7*h = -z + 46. Suppose 3*f + 18 = g, -3*g - 25*f + 46 = -z*f. Calculate the highest common factor of 24 and g.
12
Suppose -7*t + 74*t = 938. What is the highest common factor of 77 and t?
7
Let z(v) = 469*v - 439. Let i be z(1). What is the highest common factor of 640 and i?
10
Suppose 6*f - 243 = -729. Let d be (f/3 - 4)*-2. Let r = 89 - d. What is the greatest common factor of r and 3?
3
Let r(n) = n**2 + n - 1. Let o be r(2). Suppose 0*j + o*c + 18 = 2*j, -2 = -j - c. Calculate the greatest common factor of j and 4.
4
Suppose 1 = y - 2. Suppose 0 = -d + y, -m + 39 = 2*m + 2*d. Calculate the highest common factor of 88 and m.
11
Let a(d) = 2*d**2 + 16*d + 3. Let b be a(-8). Suppose p = 0, -p = -k - b*p + 11. What is the greatest common factor of k and 2?
1
Let t be -2*(-670)/20 + -11. Calculate the greatest common factor of t and 4984.
56
Let o be (-272)/(-96)*6*28. What is the highest common factor of 84 and o?
28
Let w be (-331)/(-3) + (-110)/330. Calculate the highest common divisor of 308 and w.
22
Let g be (2/(-4))/((-7)/(-476)). Suppose 4*w - 228 = -5*c - 0*w, 0 = -c - 5*w + 33. Let n = c + g. Calculate the highest common divisor of n and 35.
7
Suppose 63*f - 29*f - 136 = 0. What is the greatest common divisor of f and 3?
1
Let a = -370 - -374. Suppose a*t + 6*d - 3*d = 464, 123 = t - d. What is the greatest common factor of t and 14?
7
Suppose 2*k + 4*l = 2152, 5*l + 0 - 1094 = -k. Calculate the highest common divisor of 1120 and k.
56
Let h(w) be the first derivative of 22*w**3/3 - 6*w**2 + 27*w + 71. Let n be h(3). Suppose -4*m + 15 = -93. What is the highest common divisor of m and n?
27
Let q = -4355 + 4861. Calculate the greatest common divisor of 110 and q.
22
Let i = 6718 - 6692. Calculate the greatest common factor of 2041 and i.
13
Suppose -2*i = 3*n - 0*n - 353, -4*i + 121 = n. Let v be ((-6)/8)/(568/288 + -2). What is the greatest common factor of n and v?
9
Let g(y) = -16*y + 338. Let p be g(7). Let d = 248 - p. Suppose 5*m - 330 = -0*m. Calculate the greatest common factor of m and d.
22
Let r(a) = -a**3 + 55. Let z be r(0). Suppose -682*w + 678*w + 3*g + 11 = 0, -w - 4*g + 17 = 0. What is the greatest common divisor of z and w?
5
Let b(g) = -g - 6. Let o(i) = i + 6. Let l(f) = 5*b(f) + 6*o(f). Let d be l(-5). Let x be 4*1 + 13/(-182)*-14. What is the highest common factor of x and d?
1
Let t be 138/4*-1*(-8)/4. Let c = t + -74. Let g be (-1)/c - 297/(-15). What is the highest common factor of g and 80?
20
Let a be 0*2/28*7. Suppose p - 3 = -g + 13, p - 4 = a. What is the greatest common factor of g and 20?
4
Let k(q) = q**3 + 4*q**2 - 3*q + 1. Let g be k(2). Let h = 152227 + -151923. What is the highest common divisor of h and g?
19
Let r be ((573/15)/1)/((-3)/(-15)). Let c = -126 + r. Calculate the greatest common factor of c and 20.
5
Let n(g) = g**3 + 4*g**2 - 12*g + 12. Let r be n(2). Suppose r*i - 9*i = 60. Calculate the greatest common divisor of 260 and i.
20
Suppose -a + 4 + 210 = l, 16 = 4*l. Suppose -3*j = -66 - a. Calculate the highest common factor of j and 69.
23
Let p be (-3)/30 - (-62)/20 - -155. Let j = 273 - p. What is the highest common factor of 5 and j?
5
Suppose -11407 - 28325 = -462*n. Calculate the greatest common factor of 10750 and n.
86
Let f be 2/5 + (4 - 35/25). Suppose f*o + 31 = 7. Let b(a) = -3*a - 9. Let t be b(o). What is the greatest common divisor of t and 6?
3
Suppose 374 = 18*v - v. Suppose v*h - 224 = 172. Calculate the greatest common factor of 42 and h.
6
Let f = 17 - -4. Let d = -713 + 720. What is the highest common divisor of f and d?
7
Suppose 3*n - 343 = n - 3*i, 2*n = -2*i + 338. Let a be (1 + (-10)/4)*n/6. Let v = a - -71. What is the greatest common factor of 12 and v?
6
Let b(l) = -140*l + 2581. Let f be b(18). What is the greatest common divisor of 15677 and f?
61
Suppose 3*y - 110 = -2*y - 5*z, -5*y + 2*z + 82 = 0. Let m = -272 + 398. What is the greatest common factor of y and m?
18
Suppose 5*k = j + 405, -5*k - 43 = -5*j - 468. Calculate the highest common divisor of k and 460.
20
Let l be (2 - 314/(-3))*705/470. What is the greatest common divisor of l and 490?
10
Suppose h - 89 = -s, 90*s = -h + 86*s + 83. Let t = -117 + 145. What is the greatest common divisor of t and h?
7
Let a = 10747 - 1507. What is the highest common factor of 14 and a?
14
Let w be -1 - (-20 - -9) - 3. Calculate the highest common factor of w and 9443.
7
Let z(l) = -2*l**2 - 8*l - 9. Let d be z(-3). Let g be (-1 + -36)*d/((-6)/(-2)). What is the highest common factor of 74 and g?
37
Let g = 4637 + -4582. What is the highest common divisor of g an